er?
True
Is 392940323 a composite number?
False
Is 39881317513 a prime number?
True
Is 24451627723 a composite number?
False
Is 1302623687 a composite number?
False
Is 1104691253 a composite number?
False
Is 82229153753 composite?
False
Is 14584994959 a prime number?
True
Is 7589602957 composite?
False
Is 7700961713 composite?
True
Is 1949318513 prime?
False
Is 23085328927 prime?
False
Is 511158733 a composite number?
False
Is 6758925197 a prime number?
False
Is 56151771941 composite?
True
Is 109265357533 a prime number?
True
Is 853052097 a composite number?
True
Is 255042533 a prime number?
False
Is 15707904241 a prime number?
True
Is 2277929363 a composite number?
True
Is 2116430201 a prime number?
False
Is 2047700059 composite?
True
Is 5971999823 a prime number?
False
Is 7380876533 a composite number?
True
Is 299703721 a prime number?
False
Is 602074267 prime?
True
Is 66248257573 a prime number?
False
Is 17298561209 a prime number?
True
Is 11007006401 composite?
False
Is 1298433859 composite?
True
Is 28682635 composite?
True
Is 595278529 a prime number?
True
Is 69083007451 a prime number?
False
Is 4194755549 a prime number?
False
Is 759252838 a composite number?
True
Is 352910823 composite?
True
Is 31824380801 composite?
False
Is 16523487307 a composite number?
True
Is 2185470031 composite?
False
Is 53735287 a composite number?
True
Is 81443172709 prime?
False
Is 97819339 prime?
False
Is 6768121649 prime?
False
Is 32498418265 a prime number?
False
Is 11331041933 prime?
True
Is 204752887 a prime number?
False
Is 10952543143 a prime number?
False
Is 29310698717 a prime number?
True
Is 1773274961 a prime number?
True
Is 14990682185 a prime number?
False
Is 361723753 a prime number?
True
Is 555285259 prime?
False
Is 41943009397 a prime number?
True
Is 28168074773 a composite number?
True
Is 8895651329 a prime number?
True
Is 16891462383 a composite number?
True
Is 2568666729 a prime number?
False
Is 3845853179 a prime number?
False
Is 5107125833 a prime number?
True
Is 5198509427 a prime number?
False
Is 14754392857 prime?
True
Is 6070433927 composite?
False
Is 4338471157 composite?
True
Is 23873137687 a composite number?
True
Is 3641685857 composite?
False
Is 76563415589 composite?
True
Is 1787200031 a prime number?
True
Is 1359299009 a composite number?
False
Is 6062579 a composite number?
False
Is 1055993167 a prime number?
True
Is 1963845203 a prime number?
True
Is 19252827931 prime?
True
Is 2409665639 prime?
True
Is 1539324469 a prime number?
True
Is 517673593 composite?
True
Is 2045650611 a composite number?
True
Is 4818580343 prime?
True
Is 79702541 prime?
False
Is 14954224307 composite?
True
Is 1545552971 composite?
True
Is 635868113 a composite number?
True
Is 1609194295 prime?
False
Is 398613209 a prime number?
False
Is 9229925015 a composite number?
True
Is 1439103343 composite?
True
Is 2353295459 prime?
True
Is 710368121 composite?
False
Is 1228905761 composite?
False
Is 23046251 a composite number?
True
Is 55998384907 a prime number?
True
Is 339459103 a prime number?
True
Is 14370336583 a composite number?
True
Is 219246553 a composite number?
True
Is 383838151 composite?
True
Is 1707675427 composite?
False
Is 6464244473 prime?
False
Is 16427197 composite?
True
Is 97646784979 composite?
True
Is 45920953213 composite?
False
Is 4192755569 composite?
True
Is 2654312707 composite?
False
Is 86814963107 prime?
True
Is 4931206639 a composite number?
False
Is 38988114863 composite?
False
Is 6121455077 prime?
False
Is 18306348349 prime?
False
Is 709359973 a prime number?
False
Is 14281444019 prime?
True
Is 9119959 a prime number?
False
Is 2406230923 prime?
False
Is 9226092671 a composite number?
False
Is 16303014853 a composite number?
False
Is 2802676939 prime?
True
Is 21075809 prime?
True
Is 39441421543 composite?
False
Is 29656132031 composite?
False
Is 4498151479 composite?
False
Is 105401501 a prime number?
False
Is 2686839641 a composite number?
False
Is 20723167051 composite?
True
Is 3680591093 prime?
False
Is 650056741 a prime number?
True
Is 115159517 prime?
False
Is 6833238221 a prime number?
True
Is 37061839771 composite?
True
Is 3168235859 a prime number?
True
Is 9392422031 a prime number?
True
Is 1123732613 prime?
False
Is 2886723635 a prime number?
False
Is 66061459669 a prime number?
True
Is 330498631 a composite number?
True
Is 904209785 a prime number?
False
Is 9262193717 a prime number?
False
Is 80715955 a composite number?
True
Is 11770286081 prime?
True
Is 3018727097 prime?
True
Is 120626617 a composite number?
False
Is 27452591981 a composite number?
True
Is 2756525461 composite?
False
Is 4474763221 a composite number?
True
Is 9244256477 prime?
True
Is 15813051557 a prime number?
False
Is 60754865449 composite?
False
Is 1482230773 a prime number?
False
Is 687008186 a prime number?
False
Is 1904666767 a composite number?
True
Is 5442263441 composite?
True
Is 34698054823 a composite number?
False
Is 1538472083 a prime number?
True
Is 70985423 a composite number?
False
Is 396569623 a prime number?
True
Is 6174545717 composite?
False
Is 93116386577 prime?
True
Is 669480143 prime?
False
Is 126581003 composite?
True
Is 31700141461 prime?
True
Is 4876556459 a prime number?
True
Is 489840887 prime?
False
Is 37194400679 a composite number?
False
Is 271569511 prime?
True
Is 10525549127 a composite number?
True
Is 128063808679 a prime number?
True
Is 2585862505 composite?
True
Is 104683116331 a prime number?
False
Is 224067135251 a composite number?
False
Is 446112781 a prime number?
True
Is 839406613 prime?
False
Is 356319841 a prime number?
False
Is 1443216589 a composite number?
True
Is 24760812241 composite?
True
Is 2112335293 prime?
False
Is 36330771649 composite?
True
Is 2627589193 prime?
True
Is 931805783 a prime number?
False
Is 199664281 a composite number?
True
Is 41708644873 a prime number?
False
Is 2606704549 prime?
True
Is 964590269 a composite number?
False
Is 1011869855 prime?
False
Is 495316841 a prime number?
True
Is 5948552881 composite?
True
Is 37639981 a prime number?
True
Is 3263439727 prime?
True
Is 691031321 prime?
True
Is 5092633333 a prime number?
False
Is 68611159967 a composite number?
True
Is 156964978294 prime?
False
Is 11860770517 a composite number?
False
Is 417238673 a prime number?
False
Is 3604647691 composite?
True
Is 1770635947 a composite number?
False
Is 779096831 a composite number?
True
Is 1231957319 a prime number?
True
Is 13356874 a composite number?
True
Is 64404412967 a prime number?
True
Is 120312193 prime?
True
Is 77655343 composite?
True
Is 27681270401 composite?
False
Is 115005167141 a prime number?
True
Is 6129590633 a prime number?
False
Is 950326757 prime?
True
Is 11937217871 a composite number?
True
Is 7130692237 a prime number?
True
Is 300323909 composite?
False
Is 1838835203 a prime number?
False
Is 12856043111 a composite number?
False
Is 952186093 composite?
True
Is 284514691 prime?
False
Is 540783829 a prime number?
True
Is 8819059177 composite?
True
Is 30227876717 prime?
False
Is 14903957723 prime?
True
Is 1589995747 a prime number?
False
Is 16897764841 a composite number?
True
Is 45663214379 a prime number?
True
Is 895925743 a prime number?
False
Is 54656908147 a prime number?
True
Is 53411298409 a composite number?
True
Is 1193250701 a composite number?
True
Is 2592955189 a prime number?
False
Is 809412423 a prime number?
False
Is 464744461 prime?
False
Is 7474541743 a composite number?
False
Is 152265538465 prime?
False
Is 2742850379 a prime number?
False
Is 4664297387 a composite number?
False
Is 5932132267 composite?
True
Is 1117238327 prime?
True
Is 8904089741 prime?
True
Is 3481243391 prime?
False
Is 150372731851 a prime number?
True
Is 48091250503 composite?
False
Is 1733285669 composite?
True
Is 48821677 composite?
False
Is 18469914217 prime?
True
Is 41577214403 prime?
True
Is 2619847751 a composite number?
False
Is 63537269 a composite number?
True
Is 6068940261 a prime number?
False
Is 69052812607 a prime number?
True
Is 11515149265 prime?
False
Is 3137149201 prime?
True
Is 2499119437 a prime number?
True
Is 302136473 composite?
True
Is 53093781991 a composite number?
True
Is 79848849317 a prime number?
True
Is 961143979 a composite number?
True
Is 377398639